What is -14331 (base 11) in base 15?
-6077
What is -494 (base 10) in base 8?
-756
What is -2b9 (base 16) in base 11?
-584
-52125 (base 6) to base 13
-322a
What is -7669 (base 16) in base 3?
-1112120201
What is -1002202111 (base 3) in base 6?
-244234
2013 (base 5) to base 9
316
What is -2cab (base 13) in base 9?
-10002
What is 4461 (base 9) in base 8?
6337
What is -123032 (base 4) in base 13?
-a40
-11720 (base 8) to base 3
-20221212
Convert 339 (base 10) to base 8.
523
Convert -20110 (base 8) to base 11.
-6233
What is 32826 (base 10) in base 5?
2022301
240c6 (base 13) to base 3
10100122010
What is -653 (base 12) in base 3?
-1021100
Convert -17d7 (base 16) to base 8.
-13727
What is 1206 (base 16) in base 13?
213c
What is 431 (base 11) in base 15?
248
What is -11100010010 (base 2) in base 9?
-2431
-321364 (base 7) to base 2
-1101100111001111
-1956 (base 11) to base 10
-2481
What is -4482 (base 13) in base 8?
-22542
What is 110206 (base 7) in base 13?
8a37
What is 10311 (base 4) in base 3?
102110
210201202 (base 3) to base 5
1001332
4d (base 14) to base 13
54
-35 (base 9) to base 5
-112
What is 100001110110001 (base 2) in base 13?
7b70
268 (base 10) to base 3
100221
What is 420 (base 5) in base 7?
215
What is -560 (base 8) in base 13?
-224
What is 10010000 (base 3) in base 8?
4334
What is -2128 (base 15) in base 10?
-7013
What is -6312 (base 7) in base 8?
-4246
What is a00 (base 14) in base 2?
11110101000
Convert 11010100110 (base 2) to base 14.
898
What is 454 (base 9) in base 6?
1421
-2633 (base 9) to base 15
-8b9
Convert 112121 (base 3) to base 16.
18a
-ad4 (base 14) to base 10
-2146
2002 (base 4) to base 10
130
3241 (base 11) to base 16
10b8
What is -10993 (base 11) in base 7?
-64105
Convert -8f2a (base 16) to base 5.
-2133100
-3331120 (base 4) to base 13
-74c5
What is -708 (base 10) in base 9?
-866
Convert 1001110101110011 (base 2) to base 5.
2242212
Convert 1202222121 (base 3) to base 16.
88a5
133212 (base 7) to base 13
b5a4
Convert 134401 (base 6) to base 14.
4893
Convert -30 (base 11) to base 3.
-1020
41035 (base 6) to base 12
317b
What is -3302 (base 5) in base 4?
-13010
-130000 (base 4) to base 8
-3400
-42001 (base 5) to base 11
-2081
Convert 36441 (base 7) to base 3.
111000100
Convert 1001110110 (base 2) to base 14.
330
What is -1314 (base 5) in base 2?
-11010001
What is 1110100 (base 3) in base 14?
55c
-156 (base 13) to base 15
-110
2202 (base 6) to base 10
506
340 (base 15) to base 11
609
What is 11110101010011 (base 2) in base 4?
3311103
Convert -20200 (base 4) to base 5.
-4134
-326 (base 14) to base 2
-1001101110
Convert 4142 (base 9) to base 10.
3035
What is 110021 (base 3) in base 2?
101001011
What is -2234232 (base 5) in base 10?
-39942
Convert -39 (base 15) to base 3.
-2000
What is -120220 (base 3) in base 13?
-270
Convert -14b0 (base 15) to base 16.
-1158
-21010 (base 3) to base 2
-11000000
Convert -103a4 (base 11) to base 8.
-35416
11024 (base 5) to base 9
1038
-1001100100111011 (base 2) to base 7
-222236
-231 (base 4) to base 10
-45
689 (base 14) to base 9
1701
-160 (base 13) to base 10
-247
4788 (base 13) to base 12
5a03
What is 113c (base 15) in base 5?
104112
Convert 6c0 (base 16) to base 4.
123000
-508 (base 14) to base 12
-6a4
What is -8598 (base 12) in base 10?
-14660
Convert -440 (base 6) to base 11.
-143
Convert -1033 (base 8) to base 11.
-450
-27620 (base 10) to base 5
-1340440
Convert 2002 (base 7) to base 5.
10223
Convert 10344 (base 7) to base 12.
15b0
40325 (base 6) to base 4
1102331
-1134442 (base 6) to base 10
-59354
What is 421141 (base 5) in base 6?
144241
-100122 (base 5) to base 15
-e0c
45345 (base 6) to base 11
489a
What is 8344 (base 12) in base 16?
37e4
What is -1688 (base 12) in base 11?
-2031
-248 (base 15) to base 12
-372
Convert b411 (base 13) to base 2.
110000100011001
What is -6b (base 12) in base 4?
-1103
Convert -7352 (base 13) to base 2.
-11111001010001
-eea (base 15) to base 13
-16c3
Convert 25365 (base 8) to base 14.
4017
286 (base 11) to base 8
520
What is 538 (base 13) in base 9?
1201
Convert 330313 (base 4) to base 12.
2307
Convert 10010001011110 (base 2) to base 7.
36100
Convert 25532 (base 8) to base 5.
323343
ca1 (base 15) to base 11
2162
9869 (base 14) to base 10
26357
Convert -871 (base 14) to base 2.
-11010000011
What is 782a (base 16) in base 5?
1441022
-22233 (base 4) to base 3
-221110
-102374 (base 8) to base 15
-a149
Convert -237 (base 10) to base 12.
-179
10002200 (base 3) to base 13
104a
Convert -153203 (base 8) to base 12.
-27943
Convert -121112122 (base 3) to base 13.
-5648
Convert -32111 (base 4) to base 15.
-412
2227 (base 12) to base 3
12011211
What is b0a (base 12) in base 4?
120322
12110 (base 3) to base 11
124
Convert -2b1 (base 13) to base 8.
-742
Convert 12420 (base 7) to base 9.
4463
What is -1369 (base 12) in base 11?
-1758
Convert -2361 (base 13) to base 7.
-20343
Convert 1000110000 (base 2) to base 13.
341
Convert -164 (base 12) to base 15.
-ea
What is -2013 (base 4) in base 12?
-b3
Convert 3623 (base 12) to base 15.
1c00
17dc (base 15) to base 4
1100211
What is -111010011 (base 2) in base 16?
-1d3
What is 110102120 (base 3) in base 11?
6897
Convert 9149 (base 10) to base 6.
110205
Convert -2761 (base 10) to base 12.
-1721
What is 498 (base 11) in base 12?
413
-21115 (base 9) to base 6
-144322
152232 (base 6) to base 7
61043
103434 (base 6) to base 13
3baa
Convert 1797 (base 11) to base 6.
14324
What is -671 (base 16) in base 6?
-11345
16254 (base 9) to base 15
3481
What is -135 (base 16) in base 14?
-181
Convert 12111220 (base 3) to base 16.
fb4
Convert -565 (base 16) to base 5.
-21011
-168 (base 13) to base 6
-1103
1593 (base 12) to base 5
40214
-474 (base 13) to base 15
-366
What is -10101011011 (base 2) in base 15?
-616
What is -e4 (base 15) in base 13?
-136
What is -10012102 (base 3) in base 11?
-1831
Convert -369d (base 14) to base 3.
-111002121
Convert -83b (base 16) to base 11.
-1646
Convert 114001 (base 5) to base 6.
31403
What is 11332322 (base 4) in base 13?
b201
Convert -111000111 (base 2) to base 5.
-3310
4320 (base 8) to base 11
1771
-42024 (base 8) to base 2
-100010000010100
What is -440 (base 12) in base 3?
-212010
Convert -7255 (base 8) to base 10.
-3757
What is -7042 (base 11) in base 2?
-10010010010011
112220 (base 3) to base 15
1bc
What is 595 (base 11) in base 16?
2c5
What is -131601 (base 8) in base 14?
-12a65
What is -1110001 (base 3) in base 4?
-100132
13b7 (base 16) to base 10
5047
What is -41346 (base 7) in base 10?
-10128
Convert 3264 (base 8) to base 7.
5001
211003 (base 5) to base 10
7003
-602 (base 10) to base 13
-374
-1a91 (base 16) to base 12
-3b29
What is 53a1 (base 13) in base 14?
4343
Convert 588 (base 14) to base 15.
4d5
-48100 (base 9) to base 3
-1122010000
Convert -10030 (base 4) to base 10.
-268
Convert 1341 (base 6) to base 11.
298
What is -101220112 (base 3) in base 7?
-32120
-2a66 (base 11) to base 9
-5362
-21202 (base 3) to base 15
-de
What is -12552 (base 10) in base 16?
-3108
-132341 (base 5) to base 8
-12342
Convert 20223 (base 5) to base 6.
10025
-27c5 (base 16) to base 10
-10181
12442 (base 5) to base 16
3e5
What is -10011102121 (base 3) in base 5?
-3443103
What is f3 (base 16) in base 4?
3303
-3a9 (base 14) to base 12
-515
10b (base 13) to base 10
180
Convert 131220 (base 4) to base 10.
1896
Convert 7a7 (base 14) to base 2.
10111101111
Convert 11110011 (base 2) to base 5.
1433
25235 (base 6) to base 7
13661
What is -204031 (base 7) in base 12?
-18314
578d (base 15) to base 6
222011
-8a01 (base 12) to base 10
-15265
What is -887 (base 16) in base 11?
-1705
739 (base 11) to base 10
889
100323 (base 4) to base 12
763
-1131001 (base 4) to base 3
-22011111
8122 (base 10) to base 6
101334
Convert -142043 (base 5) to base 14.
-2214
Convert -1100100101 (base 2) to base 6.
-3421
What is -2610 (base 7) in base 2?
-1111011011
What is 3616 (base 7) in base 10?
1336
305003 (base 6) to base 2
101111101011011
What is -1233 (base 6) in base 11?
-261
Convert -1100000010110010 (base 2) to base 3.
-2111200001
What is 35532 (base 6) in base 5?
131133
-4524 (base 11) to base 5
-142310
-100010111 (base 2) to base 6
-1143
What is -18758 (base 10) in base 2?
-100100101000110
1145 (base 13) to base 15
ab8
What is -111101110 (base 2) in 